{"id":1680,"date":"2019-02-15T11:38:30","date_gmt":"2019-02-15T10:38:30","guid":{"rendered":"https:\/\/i-bau.es\/deutsch\/?page_id=1680"},"modified":"2025-07-18T13:37:54","modified_gmt":"2025-07-18T11:37:54","slug":"commerzbankbueros-madrid","status":"publish","type":"page","link":"https:\/\/i-bau.es\/deutsch\/projekte\/bueros-und-industrie\/commerzbankbueros-madrid\/","title":{"rendered":"COMMERZBANKB\u00dcROS, MADRID"},"content":{"rendered":"<p>[et_pb_section admin_label=&#8220;Secci\u00f3n&#8220; global_module=&#8220;952&#8243; transparent_background=&#8220;off&#8220; allow_player_pause=&#8220;off&#8220; inner_shadow=&#8220;off&#8220; parallax=&#8220;off&#8220; parallax_method=&#8220;off&#8220; padding_mobile=&#8220;off&#8220; make_fullwidth=&#8220;off&#8220; use_custom_width=&#8220;off&#8220; width_unit=&#8220;on&#8220; custom_width_px=&#8220;1080px&#8220; custom_width_percent=&#8220;80%&#8220; make_equal=&#8220;off&#8220; use_custom_gutter=&#8220;off&#8220; fullwidth=&#8220;on&#8220; specialty=&#8220;off&#8220; module_class=&#8220;cabecera&#8220; disabled=&#8220;off&#8220;][et_pb_fullwidth_header global_parent=&#8220;952&#8243; admin_label=&#8220;Cabecera \/ Logotipo&#8220; background_layout=&#8220;dark&#8220; text_orientation=&#8220;left&#8220; header_fullscreen=&#8220;off&#8220; header_scroll_down=&#8220;off&#8220; scroll_down_icon=&#8220;%%3%%&#8220; background_url=&#8220;https:\/\/i-bau.es\/wp-content\/uploads\/2016\/09\/cabecera03.jpg&#8220; parallax=&#8220;off&#8220; parallax_method=&#8220;off&#8220; logo_image_url=&#8220;https:\/\/i-bau.es\/wp-content\/uploads\/2016\/09\/logotipo.png&#8220; logo_alt_text=&#8220;i-bau arquitectos&#8220; content_orientation=&#8220;center&#8220; image_orientation=&#8220;bottom&#8220; title_font_size=&#8220;30px&#8220; content_font_size=&#8220;14px&#8220; custom_button_one=&#8220;off&#8220; button_one_text_size=&#8220;20&#8243; button_one_letter_spacing=&#8220;0&#8243; button_one_use_icon=&#8220;default&#8220; button_one_icon_placement=&#8220;right&#8220; button_one_on_hover=&#8220;on&#8220; button_one_letter_spacing_hover=&#8220;0&#8243; custom_button_two=&#8220;off&#8220; button_two_text_size=&#8220;20&#8243; button_two_letter_spacing=&#8220;0&#8243; button_two_use_icon=&#8220;default&#8220; button_two_icon_placement=&#8220;right&#8220; button_two_on_hover=&#8220;on&#8220; button_two_letter_spacing_hover=&#8220;0&#8243; custom_css_logo=&#8220;max-width:40%;&#8220; disabled=&#8220;off&#8220;]<\/p>\n<p>[\/et_pb_fullwidth_header][\/et_pb_section][et_pb_section admin_label=&#8220;Secci\u00f3n&#8220; transparent_background=&#8220;off&#8220; allow_player_pause=&#8220;off&#8220; inner_shadow=&#8220;off&#8220; parallax=&#8220;off&#8220; parallax_method=&#8220;off&#8220; padding_mobile=&#8220;off&#8220; make_fullwidth=&#8220;off&#8220; use_custom_width=&#8220;off&#8220; width_unit=&#8220;on&#8220; custom_width_px=&#8220;1080px&#8220; custom_width_percent=&#8220;80%&#8220; make_equal=&#8220;off&#8220; use_custom_gutter=&#8220;off&#8220; fullwidth=&#8220;off&#8220; specialty=&#8220;off&#8220; disabled=&#8220;off&#8220;][et_pb_row admin_label=&#8220;Fila&#8220; make_fullwidth=&#8220;off&#8220; use_custom_width=&#8220;off&#8220; width_unit=&#8220;on&#8220; custom_width_px=&#8220;1080px&#8220; custom_width_percent=&#8220;80%&#8220; use_custom_gutter=&#8220;off&#8220; gutter_width=&#8220;3&#8243; custom_padding=&#8220;||0px|&#8220; padding_mobile=&#8220;on&#8220; allow_player_pause=&#8220;off&#8220; parallax=&#8220;off&#8220; parallax_method=&#8220;off&#8220; make_equal=&#8220;off&#8220; column_padding_mobile=&#8220;on&#8220; parallax_1=&#8220;off&#8220; parallax_method_1=&#8220;off&#8220; parallax_2=&#8220;off&#8220; parallax_method_2=&#8220;on&#8220; parallax_3=&#8220;off&#8220; parallax_method_3=&#8220;on&#8220; parallax_4=&#8220;off&#8220; parallax_method_4=&#8220;on&#8220; custom_css_main_1=&#8220;margin: 0;&#8220; disabled=&#8220;off&#8220;][et_pb_column type=&#8220;4_4&#8243;][et_pb_text admin_label=&#8220;Texto&#8220; background_layout=&#8220;light&#8220; text_orientation=&#8220;center&#8220; text_font=&#8220;|||on|&#8220; use_border_color=&#8220;off&#8220; border_style=&#8220;solid&#8220; custom_margin=&#8220;||2em|&#8220; disabled=&#8220;off&#8220; border_color=&#8220;#ffffff&#8220;]<\/p>\n<p><a style=\"color: #808080;\" href=\"https:\/\/i-bau.es\/deutsch\/projekte\/\">PROJEKTE<\/a> | <span style=\"color: #808080;\"><a style=\"color: #808080;\" href=\"https:\/\/i-bau.es\/deutsch\/projekte\/bueros-und-industrie\/\">B\u00dcROS UND INDUSTRIE<\/a><\/span>&nbsp;| <strong>COMMERZBANKB\u00dcROS, MADRID<\/strong><\/p>\n<p>[\/et_pb_text][\/et_pb_column][\/et_pb_row][et_pb_row admin_label=&#8220;Fila&#8220; make_fullwidth=&#8220;off&#8220; use_custom_width=&#8220;off&#8220; width_unit=&#8220;on&#8220; custom_width_px=&#8220;1080px&#8220; custom_width_percent=&#8220;80%&#8220; use_custom_gutter=&#8220;off&#8220; gutter_width=&#8220;3&#8243; custom_padding=&#8220;0px|||&#8220; custom_padding_tablet=&#8220;0px||0px|&#8220; padding_mobile=&#8220;off&#8220; allow_player_pause=&#8220;off&#8220; parallax=&#8220;off&#8220; parallax_method=&#8220;off&#8220; make_equal=&#8220;on&#8220; column_padding_mobile=&#8220;on&#8220; bg_img_1=&#8220;https:\/\/i-bau.es\/wp-content\/uploads\/2016\/12\/torrecristal-cuadrada.jpg&#8220; parallax_1=&#8220;off&#8220; parallax_method_1=&#8220;off&#8220; parallax_2=&#8220;off&#8220; parallax_method_2=&#8220;off&#8220; parallax_3=&#8220;off&#8220; parallax_method_3=&#8220;on&#8220; parallax_4=&#8220;off&#8220; parallax_method_4=&#8220;on&#8220; module_class_1=&#8220;imagen-central&#8220; custom_css_main_1=&#8220;border: 1px solid #DCDCDC;&#8220; custom_css_main_2=&#8220;margin-bottom:0;&#8220; disabled=&#8220;off&#8220;][et_pb_column type=&#8220;1_2&#8243;][et_pb_code admin_label=&#8220;C\u00f3digo&#8220; module_class=&#8220;et_pb_gallery_image&#8220; custom_css_main_element=&#8220;width:100%;||height:100%;&#8220; disabled=&#8220;off&#8220;]&lt;a href=&quot;https:\/\/i-bau.es\/wp-content\/uploads\/2016\/12\/torrecristal-cuadrada.jpg&quot; title=&quot;&quot; style=&quot;display:block;&quot;&gt;&lt;img src=&quot;https:\/\/i-bau.es\/wp-content\/uploads\/2016\/12\/torrecristal-cuadrada.jpg&quot; style=&quot;width:100%; height:100%; padding:0 2px;&quot; \/&gt;&lt;span class=&quot;et_overlay et_pb_inline_icon&quot; data-icon=&quot;P&quot;&gt;&lt;\/span&gt;&lt;\/a&gt;[\/et_pb_code][\/et_pb_column][et_pb_column type=&#8220;1_2&#8243;][et_pb_text admin_label=&#8220;Texto&#8220; background_layout=&#8220;light&#8220; text_orientation=&#8220;left&#8220; use_border_color=&#8220;on&#8220; border_color=&#8220;#dcdcdc&#8220; border_style=&#8220;solid&#8220; custom_margin=&#8220;||10.55%|&#8220; custom_margin_tablet=&#8220;||7.5%|&#8220; custom_padding=&#8220;1em|1em|1em|1em&#8220; custom_css_main_element=&#8220;min-height:230px;&#8220; disabled=&#8220;off&#8220;]<\/p>\n<p>B&uuml;rofl&auml;chenausbau f&uuml;r den Hauptsitz der Commerzbank f&uuml;r Spanien<\/p>\n<p>in Torre de Cristal, Madrid<\/p>\n<p>Projekt und Bauleitung mit Nething Generalplaner<\/p>\n<p>BGF: 1.400 m&sup2;<\/p>\n<p>2016<\/p>\n<p>[\/et_pb_text][et_pb_gallery admin_label=&#8220;Galer\u00eda&#8220; gallery_ids=&#8220;1140,1141&#8243; fullwidth=&#8220;off&#8220; posts_number=&#8220;2&#8243; show_title_and_caption=&#8220;off&#8220; show_pagination=&#8220;off&#8220; background_layout=&#8220;light&#8220; auto=&#8220;off&#8220; auto_speed=&#8220;7000&#8243; zoom_icon_color=&#8220;#3a3a3a&#8220; hover_icon=&#8220;%%47%%&#8220; module_class=&#8220;galeria_proyectos1&#8243; caption_all_caps=&#8220;off&#8220; use_border_color=&#8220;off&#8220; border_color=&#8220;#ffffff&#8220; border_width=&#8220;1px&#8220; border_style=&#8220;solid&#8220; disabled=&#8220;off&#8220; saved_tabs=&#8220;all&#8220;]<\/p>\n<p>[\/et_pb_gallery][\/et_pb_column][\/et_pb_row][et_pb_row admin_label=&#8220;Fila&#8220; make_fullwidth=&#8220;off&#8220; use_custom_width=&#8220;off&#8220; width_unit=&#8220;on&#8220; custom_width_px=&#8220;1080px&#8220; custom_width_percent=&#8220;80%&#8220; use_custom_gutter=&#8220;off&#8220; gutter_width=&#8220;3&#8243; custom_padding_tablet=&#8220;0px|||&#8220; padding_mobile=&#8220;off&#8220; allow_player_pause=&#8220;off&#8220; parallax=&#8220;off&#8220; parallax_method=&#8220;off&#8220; make_equal=&#8220;off&#8220; column_padding_mobile=&#8220;on&#8220; parallax_1=&#8220;off&#8220; parallax_method_1=&#8220;off&#8220; parallax_2=&#8220;off&#8220; parallax_method_2=&#8220;on&#8220; parallax_3=&#8220;off&#8220; parallax_method_3=&#8220;on&#8220; parallax_4=&#8220;off&#8220; parallax_method_4=&#8220;on&#8220; disabled=&#8220;off&#8220;][et_pb_column type=&#8220;4_4&#8243;][et_pb_gallery admin_label=&#8220;Galer\u00eda&#8220; gallery_ids=&#8220;1142,1143,1144,1145,1146,1147,1148,1149,1150&#8243; fullwidth=&#8220;off&#8220; posts_number=&#8220;9&#8243; show_title_and_caption=&#8220;off&#8220; show_pagination=&#8220;off&#8220; background_layout=&#8220;light&#8220; auto=&#8220;off&#8220; auto_speed=&#8220;7000&#8243; zoom_icon_color=&#8220;#3a3a3a&#8220; hover_icon=&#8220;%%47%%&#8220; module_class=&#8220;galeria_proyectos2&#8243; caption_all_caps=&#8220;off&#8220; use_border_color=&#8220;off&#8220; border_color=&#8220;#ffffff&#8220; border_width=&#8220;1px&#8220; border_style=&#8220;solid&#8220; disabled=&#8220;off&#8220; saved_tabs=&#8220;all&#8220;]<\/p>\n<p>[\/et_pb_gallery][\/et_pb_column][\/et_pb_row][\/et_pb_section][et_pb_section admin_label=&#8220;Secci\u00f3n&#8220; global_module=&#8220;963&#8243; fullwidth=&#8220;on&#8220; specialty=&#8220;off&#8220; transparent_background=&#8220;off&#8220; allow_player_pause=&#8220;off&#8220; inner_shadow=&#8220;off&#8220; parallax=&#8220;off&#8220; parallax_method=&#8220;off&#8220; padding_mobile=&#8220;off&#8220; make_fullwidth=&#8220;off&#8220; use_custom_width=&#8220;off&#8220; width_unit=&#8220;on&#8220; make_equal=&#8220;off&#8220; use_custom_gutter=&#8220;off&#8220; module_class=&#8220;volver-atras&#8220;][et_pb_fullwidth_code global_parent=&#8220;963&#8243; admin_label=&#8220;Enlace: Volver atr\u00e1s&#8220;]&lt;a href=&quot;https:\/\/i-bau.es\/deutsch\/projekte\/bueros-und-industrie\/&quot;&gt;&lt;\/a&gt;[\/et_pb_fullwidth_code][\/et_pb_section]<\/p>\n","protected":false},"excerpt":{"rendered":"<p>PROJEKTE | B\u00dcROS UND INDUSTRIE&nbsp;| COMMERZBANKB\u00dcROS, MADRID B&uuml;rofl&auml;chenausbau f&uuml;r den Hauptsitz der Commerzbank f&uuml;r Spanien in Torre de Cristal, Madrid Projekt und Bauleitung mit Nething Generalplaner BGF: 1.400 m&sup2; 2016<\/p>\n","protected":false},"author":4,"featured_media":0,"parent":1132,"menu_order":0,"comment_status":"closed","ping_status":"closed","template":"","meta":{"_et_pb_use_builder":"on","_et_pb_old_content":"[et_pb_section admin_label=\"Secci\u00f3n\" global_module=\"952\" fullwidth=\"on\" specialty=\"off\" transparent_background=\"off\" allow_player_pause=\"off\" inner_shadow=\"off\" parallax=\"off\" parallax_method=\"off\" padding_mobile=\"off\" make_fullwidth=\"off\" use_custom_width=\"off\" width_unit=\"on\" make_equal=\"off\" use_custom_gutter=\"off\" module_class=\"cabecera\"][et_pb_fullwidth_header global_parent=\"952\" admin_label=\"Cabecera \/ Logotipo\" background_layout=\"dark\" text_orientation=\"left\" header_fullscreen=\"off\" header_scroll_down=\"off\" background_url=\"https:\/\/i-bau.es\/wp-content\/uploads\/2016\/09\/cabecera03.jpg\" parallax=\"off\" parallax_method=\"off\" content_orientation=\"center\" image_orientation=\"bottom\" custom_button_one=\"off\" button_one_letter_spacing=\"0\" button_one_use_icon=\"default\" button_one_icon_placement=\"right\" button_one_on_hover=\"on\" button_one_letter_spacing_hover=\"0\" custom_button_two=\"off\" button_two_letter_spacing=\"0\" button_two_use_icon=\"default\" button_two_icon_placement=\"right\" button_two_on_hover=\"on\" button_two_letter_spacing_hover=\"0\" logo_image_url=\"https:\/\/i-bau.es\/wp-content\/uploads\/2016\/09\/logotipo.png\" custom_css_logo=\"max-width:40%;\" logo_alt_text=\"i-bau arquitectos\"]\r\n\r\n\r\n\r\n[\/et_pb_fullwidth_header][\/et_pb_section][et_pb_section admin_label=\"Secci\u00f3n\" fullwidth=\"off\" specialty=\"off\" transparent_background=\"off\" allow_player_pause=\"off\" inner_shadow=\"off\" parallax=\"off\" parallax_method=\"off\" padding_mobile=\"off\" make_fullwidth=\"off\" use_custom_width=\"off\" width_unit=\"on\" make_equal=\"off\" use_custom_gutter=\"off\"][et_pb_row admin_label=\"Fila\" make_fullwidth=\"off\" use_custom_width=\"off\" width_unit=\"on\" use_custom_gutter=\"off\" custom_padding=\"||0px|\" padding_mobile=\"on\" allow_player_pause=\"off\" parallax=\"off\" parallax_method=\"off\" make_equal=\"off\" parallax_1=\"off\" parallax_method_1=\"off\" column_padding_mobile=\"on\" custom_css_main_1=\"margin: 0;\"][et_pb_column type=\"4_4\"][et_pb_text admin_label=\"Texto\" background_layout=\"light\" text_orientation=\"center\" use_border_color=\"off\" border_color=\"#ffffff\" border_style=\"solid\" text_font=\"|||on|\" custom_margin=\"||2em|\"]\r\n\r\n<a style=\"color: #808080;\" href=\"https:\/\/i-bau.es\/deutsch\/projekte\/\">PROJEKTE<\/a> | <span style=\"color: #808080;\"><a style=\"color: #808080;\" href=\"https:\/\/i-bau.es\/deutsch\/projekte\/burogebaeude\/\">B\u00dcROS UND INDUSTRIE<\/a><\/span>\u00a0| <strong>COMMERZBANKB\u00dcROS<\/strong>\r\n\r\n[\/et_pb_text][\/et_pb_column][\/et_pb_row][et_pb_row admin_label=\"Fila\" make_fullwidth=\"off\" use_custom_width=\"off\" width_unit=\"on\" use_custom_gutter=\"off\" custom_padding=\"0px|||\" padding_mobile=\"off\" allow_player_pause=\"off\" parallax=\"off\" parallax_method=\"off\" make_equal=\"on\" parallax_1=\"off\" parallax_method_1=\"off\" parallax_2=\"off\" parallax_method_2=\"off\" column_padding_mobile=\"on\" bg_img_1=\"https:\/\/i-bau.es\/wp-content\/uploads\/2016\/12\/torrecristal-cuadrada.jpg\" custom_css_main_1=\"border: 1px solid #DCDCDC;\" custom_padding_tablet=\"0px||0px|\" custom_padding_last_edited=\"on|phone\" custom_css_main_2=\"margin-bottom:0;\" module_class_1=\"imagen-central\"][et_pb_column type=\"1_2\"][et_pb_code admin_label=\"C\u00f3digo\" custom_css_main_element=\"width:100%;||height:100%;\" module_class=\"et_pb_gallery_image\"]<a href=\"https:\/\/i-bau.es\/wp-content\/uploads\/2016\/12\/torrecristal-cuadrada.jpg\" title=\"\" style=\"display:block;\"><img src=\"https:\/\/i-bau.es\/wp-content\/uploads\/2016\/12\/torrecristal-cuadrada.jpg\" style=\"width:100%; height:100%; padding:0 2px;\" \/><span class=\"et_overlay et_pb_inline_icon\" data-icon=\"P\"><\/span><\/a>[\/et_pb_code][\/et_pb_column][et_pb_column type=\"1_2\"][et_pb_text admin_label=\"Texto\" background_layout=\"light\" text_orientation=\"left\" use_border_color=\"on\" border_color=\"#dcdcdc\" border_style=\"solid\" custom_padding=\"1em|1em|1em|1em\" custom_margin=\"||10.55%|\" custom_margin_last_edited=\"on|desktop\" custom_css_main_element=\"min-height:230px;\" custom_margin_tablet=\"||7.5%|\"]\r\n\r\nB\u00fcrofl\u00e4chenausbau f\u00fcr den Hauptsitz der Commerzbank f\u00fcr Spanien. Torre de Cristal, Madrid.\r\n\r\nProjekt und Bauleitung mit Nething Generalplaner\r\n\r\nBGF: 1.400m2\r\n\r\n2016\r\n\r\n[\/et_pb_text][et_pb_gallery admin_label=\"Galer\u00eda\" gallery_ids=\"1140,1141\" fullwidth=\"off\" show_title_and_caption=\"off\" show_pagination=\"off\" background_layout=\"light\" auto=\"off\" zoom_icon_color=\"#3a3a3a\" hover_overlay_color=\"rgba(255,255,255,0.9)\" hover_icon=\"%%47%%\" caption_all_caps=\"off\" use_border_color=\"off\" border_color=\"#ffffff\" border_style=\"solid\" posts_number=\"2\" module_class=\"galeria_proyectos1\" saved_tabs=\"all\"]\r\n\r\n\r\n\r\n[\/et_pb_gallery][\/et_pb_column][\/et_pb_row][et_pb_row admin_label=\"Fila\" make_fullwidth=\"off\" use_custom_width=\"off\" width_unit=\"on\" use_custom_gutter=\"off\" padding_mobile=\"off\" allow_player_pause=\"off\" parallax=\"off\" parallax_method=\"off\" make_equal=\"off\" parallax_1=\"off\" parallax_method_1=\"off\" column_padding_mobile=\"on\" custom_padding_last_edited=\"on|phone\" custom_padding_tablet=\"0px|||\"][et_pb_column type=\"4_4\"][et_pb_gallery admin_label=\"Galer\u00eda\" gallery_ids=\"1142,1143,1144,1145,1146,1147,1148,1149,1150\" fullwidth=\"off\" show_title_and_caption=\"off\" show_pagination=\"off\" background_layout=\"light\" auto=\"off\" zoom_icon_color=\"#3a3a3a\" hover_overlay_color=\"rgba(255,255,255,0.9)\" hover_icon=\"%%47%%\" caption_all_caps=\"off\" use_border_color=\"off\" border_color=\"#ffffff\" border_style=\"solid\" posts_number=\"9\" module_class=\"galeria_proyectos2\" saved_tabs=\"all\"]\r\n\r\n\r\n\r\n[\/et_pb_gallery][\/et_pb_column][\/et_pb_row][\/et_pb_section][et_pb_section admin_label=\"Secci\u00f3n\" global_module=\"963\" fullwidth=\"on\" specialty=\"off\" transparent_background=\"off\" allow_player_pause=\"off\" inner_shadow=\"off\" parallax=\"off\" parallax_method=\"off\" padding_mobile=\"off\" make_fullwidth=\"off\" use_custom_width=\"off\" width_unit=\"on\" make_equal=\"off\" use_custom_gutter=\"off\" module_class=\"volver-atras\"][et_pb_fullwidth_code global_parent=\"963\" admin_label=\"Enlace: Volver atr\u00e1s\"]<a href=\"https:\/\/i-bau.es\/deutsch\/projekte\/burogebaude\/\"><\/a>[\/et_pb_fullwidth_code][\/et_pb_section]","_et_gb_content_width":"","footnotes":""},"class_list":["post-1680","page","type-page","status-publish","hentry"],"yoast_head":"<!-- This site is optimized with the Yoast SEO plugin v26.9 - https:\/\/yoast.com\/product\/yoast-seo-wordpress\/ -->\n<title>COMMERZBANKB\u00dcROS, MADRID - i-bau Architekten<\/title>\n<meta name=\"robots\" content=\"index, follow, max-snippet:-1, max-image-preview:large, max-video-preview:-1\" \/>\n<link rel=\"canonical\" href=\"https:\/\/i-bau.es\/deutsch\/projekte\/bueros-und-industrie\/commerzbankbueros-madrid\/\" \/>\n<meta property=\"og:locale\" content=\"de_DE\" \/>\n<meta property=\"og:type\" content=\"article\" \/>\n<meta property=\"og:title\" content=\"COMMERZBANKB\u00dcROS, MADRID - i-bau Architekten\" \/>\n<meta property=\"og:description\" content=\"PROJEKTE | B\u00dcROS UND INDUSTRIE&nbsp;| COMMERZBANKB\u00dcROS, MADRID B&uuml;rofl&auml;chenausbau f&uuml;r den Hauptsitz der Commerzbank f&uuml;r Spanien in Torre de Cristal, Madrid Projekt und Bauleitung mit Nething Generalplaner BGF: 1.400 m&sup2; 2016\" \/>\n<meta property=\"og:url\" content=\"https:\/\/i-bau.es\/deutsch\/projekte\/bueros-und-industrie\/commerzbankbueros-madrid\/\" \/>\n<meta property=\"og:site_name\" content=\"i-bau Architekten\" \/>\n<meta property=\"article:modified_time\" content=\"2025-07-18T11:37:54+00:00\" \/>\n<meta name=\"twitter:card\" content=\"summary_large_image\" \/>\n<meta name=\"twitter:label1\" content=\"Gesch\u00e4tzte Lesezeit\" \/>\n\t<meta name=\"twitter:data1\" content=\"5\u00a0Minuten\" \/>\n<script type=\"application\/ld+json\" class=\"yoast-schema-graph\">{\"@context\":\"https:\/\/schema.org\",\"@graph\":[{\"@type\":\"WebPage\",\"@id\":\"https:\/\/i-bau.es\/deutsch\/projekte\/bueros-und-industrie\/commerzbankbueros-madrid\/\",\"url\":\"https:\/\/i-bau.es\/deutsch\/projekte\/bueros-und-industrie\/commerzbankbueros-madrid\/\",\"name\":\"COMMERZBANKB\u00dcROS, MADRID - i-bau Architekten\",\"isPartOf\":{\"@id\":\"https:\/\/i-bau.es\/deutsch\/#website\"},\"datePublished\":\"2019-02-15T10:38:30+00:00\",\"dateModified\":\"2025-07-18T11:37:54+00:00\",\"breadcrumb\":{\"@id\":\"https:\/\/i-bau.es\/deutsch\/projekte\/bueros-und-industrie\/commerzbankbueros-madrid\/#breadcrumb\"},\"inLanguage\":\"de\",\"potentialAction\":[{\"@type\":\"ReadAction\",\"target\":[\"https:\/\/i-bau.es\/deutsch\/projekte\/bueros-und-industrie\/commerzbankbueros-madrid\/\"]}]},{\"@type\":\"BreadcrumbList\",\"@id\":\"https:\/\/i-bau.es\/deutsch\/projekte\/bueros-und-industrie\/commerzbankbueros-madrid\/#breadcrumb\",\"itemListElement\":[{\"@type\":\"ListItem\",\"position\":1,\"name\":\"Portada\",\"item\":\"https:\/\/i-bau.es\/deutsch\/\"},{\"@type\":\"ListItem\",\"position\":2,\"name\":\"PROJEKTE\",\"item\":\"https:\/\/i-bau.es\/deutsch\/projekte\/\"},{\"@type\":\"ListItem\",\"position\":3,\"name\":\"B\u00dcROS UND INDUSTRIE\",\"item\":\"https:\/\/i-bau.es\/deutsch\/projekte\/bueros-und-industrie\/\"},{\"@type\":\"ListItem\",\"position\":4,\"name\":\"COMMERZBANKB\u00dcROS, MADRID\"}]},{\"@type\":\"WebSite\",\"@id\":\"https:\/\/i-bau.es\/deutsch\/#website\",\"url\":\"https:\/\/i-bau.es\/deutsch\/\",\"name\":\"i-bau Architekten\",\"description\":\"Deutsch-spanisches Architekturb\u00fcro in Madrid und Mallorca.\",\"potentialAction\":[{\"@type\":\"SearchAction\",\"target\":{\"@type\":\"EntryPoint\",\"urlTemplate\":\"https:\/\/i-bau.es\/deutsch\/?s={search_term_string}\"},\"query-input\":{\"@type\":\"PropertyValueSpecification\",\"valueRequired\":true,\"valueName\":\"search_term_string\"}}],\"inLanguage\":\"de\"}]}<\/script>\n<!-- \/ Yoast SEO plugin. -->","yoast_head_json":{"title":"COMMERZBANKB\u00dcROS, MADRID - i-bau Architekten","robots":{"index":"index","follow":"follow","max-snippet":"max-snippet:-1","max-image-preview":"max-image-preview:large","max-video-preview":"max-video-preview:-1"},"canonical":"https:\/\/i-bau.es\/deutsch\/projekte\/bueros-und-industrie\/commerzbankbueros-madrid\/","og_locale":"de_DE","og_type":"article","og_title":"COMMERZBANKB\u00dcROS, MADRID - i-bau Architekten","og_description":"PROJEKTE | B\u00dcROS UND INDUSTRIE&nbsp;| COMMERZBANKB\u00dcROS, MADRID B&uuml;rofl&auml;chenausbau f&uuml;r den Hauptsitz der Commerzbank f&uuml;r Spanien in Torre de Cristal, Madrid Projekt und Bauleitung mit Nething Generalplaner BGF: 1.400 m&sup2; 2016","og_url":"https:\/\/i-bau.es\/deutsch\/projekte\/bueros-und-industrie\/commerzbankbueros-madrid\/","og_site_name":"i-bau Architekten","article_modified_time":"2025-07-18T11:37:54+00:00","twitter_card":"summary_large_image","twitter_misc":{"Gesch\u00e4tzte Lesezeit":"5\u00a0Minuten"},"schema":{"@context":"https:\/\/schema.org","@graph":[{"@type":"WebPage","@id":"https:\/\/i-bau.es\/deutsch\/projekte\/bueros-und-industrie\/commerzbankbueros-madrid\/","url":"https:\/\/i-bau.es\/deutsch\/projekte\/bueros-und-industrie\/commerzbankbueros-madrid\/","name":"COMMERZBANKB\u00dcROS, MADRID - i-bau Architekten","isPartOf":{"@id":"https:\/\/i-bau.es\/deutsch\/#website"},"datePublished":"2019-02-15T10:38:30+00:00","dateModified":"2025-07-18T11:37:54+00:00","breadcrumb":{"@id":"https:\/\/i-bau.es\/deutsch\/projekte\/bueros-und-industrie\/commerzbankbueros-madrid\/#breadcrumb"},"inLanguage":"de","potentialAction":[{"@type":"ReadAction","target":["https:\/\/i-bau.es\/deutsch\/projekte\/bueros-und-industrie\/commerzbankbueros-madrid\/"]}]},{"@type":"BreadcrumbList","@id":"https:\/\/i-bau.es\/deutsch\/projekte\/bueros-und-industrie\/commerzbankbueros-madrid\/#breadcrumb","itemListElement":[{"@type":"ListItem","position":1,"name":"Portada","item":"https:\/\/i-bau.es\/deutsch\/"},{"@type":"ListItem","position":2,"name":"PROJEKTE","item":"https:\/\/i-bau.es\/deutsch\/projekte\/"},{"@type":"ListItem","position":3,"name":"B\u00dcROS UND INDUSTRIE","item":"https:\/\/i-bau.es\/deutsch\/projekte\/bueros-und-industrie\/"},{"@type":"ListItem","position":4,"name":"COMMERZBANKB\u00dcROS, MADRID"}]},{"@type":"WebSite","@id":"https:\/\/i-bau.es\/deutsch\/#website","url":"https:\/\/i-bau.es\/deutsch\/","name":"i-bau Architekten","description":"Deutsch-spanisches Architekturb\u00fcro in Madrid und Mallorca.","potentialAction":[{"@type":"SearchAction","target":{"@type":"EntryPoint","urlTemplate":"https:\/\/i-bau.es\/deutsch\/?s={search_term_string}"},"query-input":{"@type":"PropertyValueSpecification","valueRequired":true,"valueName":"search_term_string"}}],"inLanguage":"de"}]}},"_links":{"self":[{"href":"https:\/\/i-bau.es\/deutsch\/wp-json\/wp\/v2\/pages\/1680","targetHints":{"allow":["GET"]}}],"collection":[{"href":"https:\/\/i-bau.es\/deutsch\/wp-json\/wp\/v2\/pages"}],"about":[{"href":"https:\/\/i-bau.es\/deutsch\/wp-json\/wp\/v2\/types\/page"}],"author":[{"embeddable":true,"href":"https:\/\/i-bau.es\/deutsch\/wp-json\/wp\/v2\/users\/4"}],"replies":[{"embeddable":true,"href":"https:\/\/i-bau.es\/deutsch\/wp-json\/wp\/v2\/comments?post=1680"}],"version-history":[{"count":10,"href":"https:\/\/i-bau.es\/deutsch\/wp-json\/wp\/v2\/pages\/1680\/revisions"}],"predecessor-version":[{"id":4016,"href":"https:\/\/i-bau.es\/deutsch\/wp-json\/wp\/v2\/pages\/1680\/revisions\/4016"}],"up":[{"embeddable":true,"href":"https:\/\/i-bau.es\/deutsch\/wp-json\/wp\/v2\/pages\/1132"}],"wp:attachment":[{"href":"https:\/\/i-bau.es\/deutsch\/wp-json\/wp\/v2\/media?parent=1680"}],"curies":[{"name":"wp","href":"https:\/\/api.w.org\/{rel}","templated":true}]}}