{"id":43,"date":"2016-09-28T11:46:55","date_gmt":"2016-09-28T11:46:55","guid":{"rendered":"https:\/\/i-bau.es\/deutsch\/?page_id=43"},"modified":"2022-06-22T17:33:19","modified_gmt":"2022-06-22T15:33:19","slug":"partners","status":"publish","type":"page","link":"https:\/\/i-bau.es\/deutsch\/ueber_uns\/partners\/","title":{"rendered":"PARTNERS"},"content":{"rendered":"<p>[et_pb_section admin_label=&#8220;Secci\u00f3n&#8220; global_module=&#8220;952&#8243; transparent_background=&#8220;off&#8220; allow_player_pause=&#8220;off&#8220; inner_shadow=&#8220;off&#8220; parallax=&#8220;off&#8220; parallax_method=&#8220;off&#8220; padding_mobile=&#8220;off&#8220; make_fullwidth=&#8220;off&#8220; use_custom_width=&#8220;off&#8220; width_unit=&#8220;on&#8220; custom_width_px=&#8220;1080px&#8220; custom_width_percent=&#8220;80%&#8220; make_equal=&#8220;off&#8220; use_custom_gutter=&#8220;off&#8220; fullwidth=&#8220;on&#8220; specialty=&#8220;off&#8220; module_class=&#8220;cabecera&#8220; disabled=&#8220;off&#8220;][et_pb_fullwidth_header global_parent=&#8220;952&#8243; admin_label=&#8220;Cabecera \/ Logotipo&#8220; background_layout=&#8220;dark&#8220; text_orientation=&#8220;left&#8220; header_fullscreen=&#8220;off&#8220; header_scroll_down=&#8220;off&#8220; background_url=&#8220;https:\/\/i-bau.es\/wp-content\/uploads\/2016\/09\/cabecera03.jpg&#8220; parallax=&#8220;off&#8220; parallax_method=&#8220;off&#8220; logo_image_url=&#8220;https:\/\/i-bau.es\/wp-content\/uploads\/2016\/09\/logotipo.png&#8220; logo_alt_text=&#8220;i-bau arquitectos&#8220; content_orientation=&#8220;center&#8220; image_orientation=&#8220;bottom&#8220; custom_button_one=&#8220;off&#8220; button_one_letter_spacing=&#8220;0&#8243; button_one_use_icon=&#8220;default&#8220; button_one_icon_placement=&#8220;right&#8220; button_one_on_hover=&#8220;on&#8220; button_one_letter_spacing_hover=&#8220;0&#8243; custom_button_two=&#8220;off&#8220; button_two_letter_spacing=&#8220;0&#8243; button_two_use_icon=&#8220;default&#8220; button_two_icon_placement=&#8220;right&#8220; button_two_on_hover=&#8220;on&#8220; button_two_letter_spacing_hover=&#8220;0&#8243; custom_css_logo=&#8220;max-width:40%;&#8220; disabled=&#8220;off&#8220;]<\/p>\n<p>[\/et_pb_fullwidth_header][\/et_pb_section][et_pb_section admin_label=&#8220;Secci\u00f3n&#8220; fullwidth=&#8220;off&#8220; specialty=&#8220;off&#8220;][et_pb_row admin_label=&#8220;Fila&#8220; make_fullwidth=&#8220;off&#8220; use_custom_width=&#8220;off&#8220; width_unit=&#8220;on&#8220; use_custom_gutter=&#8220;off&#8220; padding_mobile=&#8220;on&#8220; allow_player_pause=&#8220;off&#8220; parallax=&#8220;off&#8220; parallax_method=&#8220;off&#8220; make_equal=&#8220;off&#8220; parallax_1=&#8220;off&#8220; parallax_method_1=&#8220;off&#8220; column_padding_mobile=&#8220;on&#8220; custom_padding=&#8220;||0px|&#8220; custom_css_main_1=&#8220;margin:0;&#8220;][et_pb_column type=&#8220;4_4&#8243;][et_pb_text admin_label=&#8220;Texto&#8220; background_layout=&#8220;light&#8220; text_orientation=&#8220;center&#8220; use_border_color=&#8220;off&#8220; border_color=&#8220;#ffffff&#8220; border_style=&#8220;solid&#8220; text_font=&#8220;|||on|&#8220;]<\/p>\n<p><span style=\"color: #808080;\"><a style=\"color: #808080;\" href=\"https:\/\/i-bau.es\/deutsch\/bueros\/\">B\u00fcros<\/a> | <strong>Partners<\/strong><\/span><\/p>\n<p>[\/et_pb_text][\/et_pb_column][\/et_pb_row][et_pb_row admin_label=&#8220;Fila&#8220;][et_pb_column type=&#8220;4_4&#8243;][et_pb_image admin_label=&#8220;Imagen&#8220; src=&#8220;https:\/\/i-bau.es\/deutsch\/wp-content\/uploads\/sites\/2\/2016\/09\/Socios_2.jpg&#8220; show_in_lightbox=&#8220;off&#8220; url_new_window=&#8220;off&#8220; use_overlay=&#8220;off&#8220; animation=&#8220;left&#8220; sticky=&#8220;off&#8220; align=&#8220;center&#8220; force_fullwidth=&#8220;off&#8220; always_center_on_mobile=&#8220;on&#8220; use_border_color=&#8220;off&#8220; border_color=&#8220;#ffffff&#8220; border_style=&#8220;solid&#8220;]<\/p>\n<p>[\/et_pb_image][\/et_pb_column][\/et_pb_row][et_pb_row admin_label=&#8220;Fila&#8220; make_fullwidth=&#8220;off&#8220; use_custom_width=&#8220;off&#8220; width_unit=&#8220;on&#8220; use_custom_gutter=&#8220;off&#8220; padding_mobile=&#8220;on&#8220; allow_player_pause=&#8220;off&#8220; parallax=&#8220;off&#8220; parallax_method=&#8220;off&#8220; make_equal=&#8220;off&#8220; parallax_1=&#8220;off&#8220; parallax_method_1=&#8220;off&#8220; column_padding_mobile=&#8220;on&#8220; parallax_2=&#8220;off&#8220; parallax_method_2=&#8220;off&#8220; parallax_3=&#8220;off&#8220; parallax_method_3=&#8220;off&#8220; custom_css_main_element=&#8220;max-width:600px;&#8220; custom_padding=&#8220;1em|||&#8220; padding_1_tablet=&#8220;||4em|&#8220; padding_1_last_edited=&#8220;on|desktop&#8220;][et_pb_column type=&#8220;1_3&#8243;][et_pb_text admin_label=&#8220;Texto&#8220; background_layout=&#8220;light&#8220; text_orientation=&#8220;left&#8220; use_border_color=&#8220;off&#8220; border_color=&#8220;#ffffff&#8220; border_style=&#8220;solid&#8220;]<\/p>\n<p><strong>JAVIER ARMBRUSTER<\/strong><br \/>\nB\u00fcroinhaber<br \/>\nDipl.-Ing. Architekt<\/p>\n<p>[\/et_pb_text][et_pb_blurb admin_label=&#8220;Anuncio&#8220; url_new_window=&#8220;off&#8220; use_icon=&#8220;on&#8220; icon_color=&#8220;#7EBEC5&#8243; use_circle=&#8220;off&#8220; circle_color=&#8220;#7EBEC5&#8243; use_circle_border=&#8220;off&#8220; circle_border_color=&#8220;#7EBEC5&#8243; icon_placement=&#8220;left&#8220; animation=&#8220;off&#8220; background_layout=&#8220;light&#8220; text_orientation=&#8220;left&#8220; use_icon_font_size=&#8220;off&#8220; use_border_color=&#8220;off&#8220; border_color=&#8220;#ffffff&#8220; border_style=&#8220;solid&#8220; body_font_size=&#8220;11&#8243; url=&#8220;https:\/\/i-bau.es\/wp-content\/uploads\/2016\/09\/CV-Javier-Armbruster.pdf&#8220; font_icon=&#8220;%%266%%&#8220; custom_css_blurb_image=&#8220;padding-top:5px;&#8220; body_text_color=&#8220;#808080&#8243;]<\/p>\n<p>CV-Javier-Armbruster.pdf<br \/>\nDocumento Adobe Acrobat<br \/>\n84.6 KB<br \/>\n<a style=\"color: #91c7cd; text-decoration: underline;\" href=\"https:\/\/i-bau.es\/wp-content\/uploads\/2016\/09\/CV-Javier-Armbruster.pdf\">Herunterladen<\/a><\/p>\n<p>[\/et_pb_blurb][\/et_pb_column][et_pb_column type=&#8220;1_3&#8243;][\/et_pb_column][et_pb_column type=&#8220;1_3&#8243;][et_pb_text admin_label=&#8220;Texto&#8220; background_layout=&#8220;light&#8220; text_orientation=&#8220;left&#8220; use_border_color=&#8220;off&#8220; border_color=&#8220;#ffffff&#8220; border_style=&#8220;solid&#8220;]<\/p>\n<p><strong>MAR\u00cdA GAMERO GIL<\/strong><br \/>\nB\u00fcroinhaberin<br \/>\nArchitekt &#8211; Techn. Architekt<\/p>\n<p>[\/et_pb_text][et_pb_blurb admin_label=&#8220;Anuncio&#8220; url_new_window=&#8220;off&#8220; use_icon=&#8220;on&#8220; icon_color=&#8220;#7EBEC5&#8243; use_circle=&#8220;off&#8220; circle_color=&#8220;#7EBEC5&#8243; use_circle_border=&#8220;off&#8220; circle_border_color=&#8220;#7EBEC5&#8243; icon_placement=&#8220;left&#8220; animation=&#8220;off&#8220; background_layout=&#8220;light&#8220; text_orientation=&#8220;left&#8220; use_icon_font_size=&#8220;off&#8220; use_border_color=&#8220;off&#8220; border_color=&#8220;#ffffff&#8220; border_style=&#8220;solid&#8220; body_font_size=&#8220;11&#8243; url=&#8220;https:\/\/i-bau.es\/wp-content\/uploads\/2016\/09\/CV-Maria-Gamero-Gil.pdf&#8220; font_icon=&#8220;%%266%%&#8220; custom_css_blurb_image=&#8220;padding-top:5px;&#8220; body_text_color=&#8220;#808080&#8243;]<\/p>\n<p>CV-Maria-Gamero-Gil.pdf<br \/>\nDocumento Adobe Acrobat<br \/>\n62.0 KB<br \/>\n<a style=\"color: #91c7cd; text-decoration: underline;\" href=\"https:\/\/i-bau.es\/wp-content\/uploads\/2016\/09\/CV-Maria-Gamero-Gil.pdf\">Herunterladen<\/a><\/p>\n<p>[\/et_pb_blurb][\/et_pb_column][\/et_pb_row][\/et_pb_section]<\/p>\n","protected":false},"excerpt":{"rendered":"<p>B\u00fcros | Partners JAVIER ARMBRUSTER B\u00fcroinhaber Dipl.-Ing. Architekt CV-Javier-Armbruster.pdf Documento Adobe Acrobat 84.6 KB Herunterladen MAR\u00cdA GAMERO GIL B\u00fcroinhaberin Architekt &#8211; Techn. Architekt CV-Maria-Gamero-Gil.pdf Documento Adobe Acrobat 62.0 KB Herunterladen<\/p>\n","protected":false},"author":2,"featured_media":0,"parent":41,"menu_order":1,"comment_status":"closed","ping_status":"closed","template":"","meta":{"_et_pb_use_builder":"on","_et_pb_old_content":"","_et_gb_content_width":"","footnotes":""},"class_list":["post-43","page","type-page","status-publish","hentry"],"yoast_head":"<!-- This site is optimized with the Yoast SEO plugin v26.9 - https:\/\/yoast.com\/product\/yoast-seo-wordpress\/ -->\n<title>Deutschsprachige Architekten in Madrid | Spanien<\/title>\n<meta name=\"robots\" content=\"index, follow, max-snippet:-1, max-image-preview:large, max-video-preview:-1\" \/>\n<link rel=\"canonical\" href=\"https:\/\/i-bau.es\/deutsch\/ueber_uns\/partners\/\" \/>\n<meta property=\"og:locale\" content=\"de_DE\" \/>\n<meta property=\"og:type\" content=\"article\" \/>\n<meta property=\"og:title\" content=\"Deutschsprachige Architekten in Madrid | Spanien\" \/>\n<meta property=\"og:description\" content=\"B\u00fcros | Partners JAVIER ARMBRUSTER B\u00fcroinhaber Dipl.-Ing. Architekt CV-Javier-Armbruster.pdf Documento Adobe Acrobat 84.6 KB Herunterladen MAR\u00cdA GAMERO GIL B\u00fcroinhaberin Architekt - Techn. Architekt CV-Maria-Gamero-Gil.pdf Documento Adobe Acrobat 62.0 KB Herunterladen\" \/>\n<meta property=\"og:url\" content=\"https:\/\/i-bau.es\/deutsch\/ueber_uns\/partners\/\" \/>\n<meta property=\"og:site_name\" content=\"i-bau Architekten\" \/>\n<meta property=\"article:modified_time\" content=\"2022-06-22T15:33:19+00:00\" \/>\n<meta name=\"twitter:card\" content=\"summary_large_image\" \/>\n<meta name=\"twitter:label1\" content=\"Gesch\u00e4tzte Lesezeit\" \/>\n\t<meta name=\"twitter:data1\" content=\"4\u00a0Minuten\" \/>\n<script type=\"application\/ld+json\" class=\"yoast-schema-graph\">{\"@context\":\"https:\/\/schema.org\",\"@graph\":[{\"@type\":\"WebPage\",\"@id\":\"https:\/\/i-bau.es\/deutsch\/ueber_uns\/partners\/\",\"url\":\"https:\/\/i-bau.es\/deutsch\/ueber_uns\/partners\/\",\"name\":\"Deutschsprachige Architekten in Madrid | Spanien\",\"isPartOf\":{\"@id\":\"https:\/\/i-bau.es\/deutsch\/#website\"},\"datePublished\":\"2016-09-28T11:46:55+00:00\",\"dateModified\":\"2022-06-22T15:33:19+00:00\",\"breadcrumb\":{\"@id\":\"https:\/\/i-bau.es\/deutsch\/ueber_uns\/partners\/#breadcrumb\"},\"inLanguage\":\"de\",\"potentialAction\":[{\"@type\":\"ReadAction\",\"target\":[\"https:\/\/i-bau.es\/deutsch\/ueber_uns\/partners\/\"]}]},{\"@type\":\"BreadcrumbList\",\"@id\":\"https:\/\/i-bau.es\/deutsch\/ueber_uns\/partners\/#breadcrumb\",\"itemListElement\":[{\"@type\":\"ListItem\",\"position\":1,\"name\":\"Portada\",\"item\":\"https:\/\/i-bau.es\/deutsch\/\"},{\"@type\":\"ListItem\",\"position\":2,\"name\":\"UEBER UNS\",\"item\":\"https:\/\/i-bau.es\/deutsch\/ueber_uns\/\"},{\"@type\":\"ListItem\",\"position\":3,\"name\":\"PARTNERS\"}]},{\"@type\":\"WebSite\",\"@id\":\"https:\/\/i-bau.es\/deutsch\/#website\",\"url\":\"https:\/\/i-bau.es\/deutsch\/\",\"name\":\"i-bau Architekten\",\"description\":\"Deutsch-spanisches Architekturb\u00fcro in Madrid und Mallorca.\",\"potentialAction\":[{\"@type\":\"SearchAction\",\"target\":{\"@type\":\"EntryPoint\",\"urlTemplate\":\"https:\/\/i-bau.es\/deutsch\/?s={search_term_string}\"},\"query-input\":{\"@type\":\"PropertyValueSpecification\",\"valueRequired\":true,\"valueName\":\"search_term_string\"}}],\"inLanguage\":\"de\"}]}<\/script>\n<!-- \/ Yoast SEO plugin. -->","yoast_head_json":{"title":"Deutschsprachige Architekten in Madrid | Spanien","robots":{"index":"index","follow":"follow","max-snippet":"max-snippet:-1","max-image-preview":"max-image-preview:large","max-video-preview":"max-video-preview:-1"},"canonical":"https:\/\/i-bau.es\/deutsch\/ueber_uns\/partners\/","og_locale":"de_DE","og_type":"article","og_title":"Deutschsprachige Architekten in Madrid | Spanien","og_description":"B\u00fcros | Partners JAVIER ARMBRUSTER B\u00fcroinhaber Dipl.-Ing. Architekt CV-Javier-Armbruster.pdf Documento Adobe Acrobat 84.6 KB Herunterladen MAR\u00cdA GAMERO GIL B\u00fcroinhaberin Architekt - Techn. Architekt CV-Maria-Gamero-Gil.pdf Documento Adobe Acrobat 62.0 KB Herunterladen","og_url":"https:\/\/i-bau.es\/deutsch\/ueber_uns\/partners\/","og_site_name":"i-bau Architekten","article_modified_time":"2022-06-22T15:33:19+00:00","twitter_card":"summary_large_image","twitter_misc":{"Gesch\u00e4tzte Lesezeit":"4\u00a0Minuten"},"schema":{"@context":"https:\/\/schema.org","@graph":[{"@type":"WebPage","@id":"https:\/\/i-bau.es\/deutsch\/ueber_uns\/partners\/","url":"https:\/\/i-bau.es\/deutsch\/ueber_uns\/partners\/","name":"Deutschsprachige Architekten in Madrid | Spanien","isPartOf":{"@id":"https:\/\/i-bau.es\/deutsch\/#website"},"datePublished":"2016-09-28T11:46:55+00:00","dateModified":"2022-06-22T15:33:19+00:00","breadcrumb":{"@id":"https:\/\/i-bau.es\/deutsch\/ueber_uns\/partners\/#breadcrumb"},"inLanguage":"de","potentialAction":[{"@type":"ReadAction","target":["https:\/\/i-bau.es\/deutsch\/ueber_uns\/partners\/"]}]},{"@type":"BreadcrumbList","@id":"https:\/\/i-bau.es\/deutsch\/ueber_uns\/partners\/#breadcrumb","itemListElement":[{"@type":"ListItem","position":1,"name":"Portada","item":"https:\/\/i-bau.es\/deutsch\/"},{"@type":"ListItem","position":2,"name":"UEBER UNS","item":"https:\/\/i-bau.es\/deutsch\/ueber_uns\/"},{"@type":"ListItem","position":3,"name":"PARTNERS"}]},{"@type":"WebSite","@id":"https:\/\/i-bau.es\/deutsch\/#website","url":"https:\/\/i-bau.es\/deutsch\/","name":"i-bau Architekten","description":"Deutsch-spanisches Architekturb\u00fcro in Madrid und Mallorca.","potentialAction":[{"@type":"SearchAction","target":{"@type":"EntryPoint","urlTemplate":"https:\/\/i-bau.es\/deutsch\/?s={search_term_string}"},"query-input":{"@type":"PropertyValueSpecification","valueRequired":true,"valueName":"search_term_string"}}],"inLanguage":"de"}]}},"_links":{"self":[{"href":"https:\/\/i-bau.es\/deutsch\/wp-json\/wp\/v2\/pages\/43","targetHints":{"allow":["GET"]}}],"collection":[{"href":"https:\/\/i-bau.es\/deutsch\/wp-json\/wp\/v2\/pages"}],"about":[{"href":"https:\/\/i-bau.es\/deutsch\/wp-json\/wp\/v2\/types\/page"}],"author":[{"embeddable":true,"href":"https:\/\/i-bau.es\/deutsch\/wp-json\/wp\/v2\/users\/2"}],"replies":[{"embeddable":true,"href":"https:\/\/i-bau.es\/deutsch\/wp-json\/wp\/v2\/comments?post=43"}],"version-history":[{"count":13,"href":"https:\/\/i-bau.es\/deutsch\/wp-json\/wp\/v2\/pages\/43\/revisions"}],"predecessor-version":[{"id":2768,"href":"https:\/\/i-bau.es\/deutsch\/wp-json\/wp\/v2\/pages\/43\/revisions\/2768"}],"up":[{"embeddable":true,"href":"https:\/\/i-bau.es\/deutsch\/wp-json\/wp\/v2\/pages\/41"}],"wp:attachment":[{"href":"https:\/\/i-bau.es\/deutsch\/wp-json\/wp\/v2\/media?parent=43"}],"curies":[{"name":"wp","href":"https:\/\/api.w.org\/{rel}","templated":true}]}}